 by 11?
10
Suppose 4*y + j - 84 = 0, 37 = 2*y - 2*j - 5. Suppose -7*n = -10*n + y. What is the remainder when 164/14 - (-6)/21 is divided by n?
5
Let x(g) = 2*g + 15*g**2 + 9*g**2 - 3*g. Let m be x(2). Let o = m + -52. Calculate the remainder when o is divided by 22.
20
Let c(m) = -49*m + 1. Let b be c(-2). Suppose o - 260 = -4*x - b, -o - 151 = -4*x. What is the remainder when x is divided by 21?
18
Let t be (-27)/(-3) + (-4)/2. Suppose -t*i + 2*i = 0. Suppose i = 2*q - 10 - 36. Calculate the remainder when q is divided by 12.
11
Let q = 8 - 6. Suppose q*a - 50 = -3*a + 2*v, -3*a - 4*v = -4. Calculate the remainder when 22 is divided by a.
6
Suppose d + 4*k - 10 = 3*k, -5*d + k + 56 = 0. Let h(j) be the second derivative of j**4/4 - j**3/3 + j. Calculate the remainder when h(3) is divided by d.
10
Suppose -2*h - 4*v = 0, 10*v - 3 = -h + 5*v. What is the remainder when 2*-38*h/8 is divided by 10?
9
Let m(l) = -l**2 - 3*l + 1. Suppose 3*y + 3 = -3*g - 9, 2*g = -4*y - 18. Suppose -d = -2*d + g. What is the remainder when m(-3) is divided by d?
0
Let u be 14 + 0 + (-1 - -1). Suppose 6*d + 22 = 17*d. What is the remainder when d is divided by 10/u - (-4)/14?
0
Suppose 2*z - 3*w = 5, 3*z - 1 = 5*w + 5. Suppose t = 2*t - z. What is the remainder when 20 is divided by t?
6
Let y be (-30 + 30)/((-4)/2). Suppose 3*h + 2 = 8. Suppose 0*v + 58 = 5*u - v, y = -h*v - 6. Calculate the remainder when 21 is divided by u.
10
Suppose 0 = 10*u - 2 - 18. Calculate the remainder when 6 is divided by u.
0
Let j(x) = 2*x**2 + x - 1 + 5*x - x. Let m be j(-4). Let d = m + 0. Calculate the remainder when 31 is divided by d.
9
Let k be (5/(-10))/(2/4). Calculate the remainder when ((-4)/4)/(k/21) is divided by 12.
9
Suppose -4*x - 11*x + 135 = 0. Let t = 1 + 3. What is the remainder when x is divided by t?
1
Let n(q) = -q + 4. Let i be n(2). Suppose 2*b - 8 = -i*b. Suppose 2*k - 10 = -2*f, 0 = 2*f + k - 6 - 3. Calculate the remainder when f is divided by b.
0
Suppose -5*d = 3*i - 152, i + 0*i = 5*d - 136. Calculate the remainder when (-1 - (-4)/2)*d is divided by 15.
13
Let c = -32 + 52. Let f be (0 - -2)/(3/(-6)). Let r = c - f. Calculate the remainder when r is divided by 13.
11
Suppose -3*j - 3*k = 312, 0 = -5*j + 3*k + 2*k - 520. Let z = j - -150. What is the remainder when z is divided by 16?
14
Let r = -59 - -99. Suppose 0 = -3*s - i + 60, 4*s = -0*s + 3*i + 93. Calculate the remainder when r is divided by s.
19
Suppose 0 = v + 5*z - 21, 5*v = 3*z + 32 - 11. Let g(u) = u**2 + u + 1. What is the remainder when g(4) is divided by v?
3
Let d = 26 + -3. Calculate the remainder when 77 is divided by d.
8
Suppose f - 2*z - 14 = 0, -4*z = -4*f + 57 - 9. Suppose -u - r = -13, -4*u - 2*r = -r - 67. Calculate the remainder when u is divided by f.
8
Suppose -4*r - 4*j = -8, -2*r + r - 3 = -4*j. Suppose -5*v + r = -14. Calculate the remainder when 7 is divided by v.
1
Let w = 124 - 112. Calculate the remainder when 21 is divided by w.
9
Let i(s) = 13*s**3 - s**2 - s + 1. Calculate the remainder when 46 is divided by i(1).
10
Suppose -2*g - g = -114. What is the remainder when 112 is divided by g?
36
Let o be -7 + (2 - 1) + 0. Let d be (4 + o)*(-14)/4. Let m = d + 0. What is the remainder when m is divided by 4?
3
Let d = -183 - -261. Suppose b = 5*c - d, 0*c + 3*b + 24 = c. Let w = c - 7. Calculate the remainder when 31 is divided by w.
7
Let b(p) = 8*p**2 - 6*p - 5*p + 0 + p**3 - 5. Let q(u) = -u**2 - 11*u + 9. Calculate the remainder when q(-7) is divided by b(-9).
11
Let c(g) = -g**2 + 6*g + 9. Let x be c(8). Let i = -4 - x. Calculate the remainder when 11 is divided by (2 - 6)*i/(-2).
5
Let j(f) = 4*f + 5. Let v be j(-4). Let b = v - -21. Let n = -19 + 47. Calculate the remainder when n is divided by b.
8
Suppose i = 53 - 18. Calculate the remainder when i is divided by 18.
17
Let d(a) = -12*a + 9. Calculate the remainder when d(-6) is divided by 17.
13
Let g(q) = -3*q - 17. Let v(a) = a**2 + 29 + a**2 - 3*a**2 - a. Calculate the remainder when v(0) is divided by g(-9).
9
Calculate the remainder when 78 is divided by (1 - 2) + 0 - -6.
3
Let r = -10 + 4. Let b = 23 + -11. Calculate the remainder when 46/(-3)*r/4 is divided by b.
11
Let o(x) = 45*x**2 + x. Let j be o(-1). Let p = j - -18. What is the remainder when p is divided by 21?
20
Suppose -3*u - 4*n + n = -6, 0 = -2*n - 4. Calculate the remainder when (-39)/(-4) + 3/12 is divided by u.
2
Let x(u) = 6*u - 25. Calculate the remainder when 22 is divided by x(5).
2
Let t(d) = d**2 - 2*d. Let g be t(3). Suppose -g*w + 105 = 5*r + 2*w, -97 = -5*r - 3*w. Calculate the remainder when r is divided by 6.
5
Let n(s) = -s**2 + 15*s - 11. Let q be n(12). Let w = q + -11. Calculate the remainder when w is divided by 8.
6
Let g be 3*3/9*4. What is the remainder when (g/8)/(1/38) is divided by 11?
8
Let a(d) = d**2 + 9*d + 12. Let x be a(-8). Suppose -c = c - 4*q - 40, x*q = -c + 44. Calculate the remainder when c is divided by ((-60)/16)/((-2)/8).
13
Suppose v - n - 29 = 22, 5*v - 263 = -3*n. Let j(x) = -x**2 + 10*x - 3. Calculate the remainder when v is divided by j(7).
16
Suppose 0 = 5*o + 15, o = n - 2*n + 3. Suppose -n = -5*s + 29. Calculate the remainder when 19 is divided by s.
5
Suppose 0 = 2*k - 5*h - 43, 3*k - 2*h = -k + 94. Suppose 0 = -5*m + 3*y + 50, y + 0*y = 4*m - 47. What is the remainder when k is divided by m?
11
Suppose -197 = 5*w + 323. Suppose -34 = -0*h - 2*h. Calculate the remainder when h is divided by w/(-16) - 1/2.
5
Let l = 10 - -19. Let w = 9 + l. Calculate the remainder when w is divided by 20.
18
Let s(f) = -f**3 + 8*f**2 - 5*f. Let c(a) = a**3 + 30*a**2 + 15. What is the remainder when s(6) is divided by c(-30)?
12
Suppose 0 = -0*x - x + 18. Suppose 5*v - x - 77 = 0. Calculate the remainder when 36 is divided by v.
17
Let h = -17 - -48. Suppose h = -3*g - 2. Let i = -4 - g. What is the remainder when 20 is divided by i?
6
Let s(p) = 3*p + 5. What is the remainder when 54 is divided by s(3)?
12
Suppose 186 = 3*r - 3*p, r + 244 = 5*r - 3*p. What is the remainder when r is divided by 12?
10
Suppose -v + 2 = 3. Calculate the remainder when (0 - v) + 10/5 is divided by 2.
1
Let f(c) = c + 2. Let z be (-3 + 3)/(-2 - 0). Let l = 5 - 0. What is the remainder when l is divided by f(z)?
1
Let m be 3*-1*(-1 + -4). Calculate the remainder when ((-162)/m)/(4/(-10)) is divided by 6.
3
Suppose 2*p + 120 = -3*p. Suppose 2*f - 5*t = 65, 127 + 27 = 4*f - 2*t. Let j = p + f. What is the remainder when j is divided by 9?
7
Suppose -19 = 4*z - 107. Let u = z - 16. Suppose 5*i - 27 - 53 = 0. What is the remainder when i is divided by u?
4
Let d = -36 - -46. Calculate the remainder when 14 is divided by d.
4
Suppose 0 = 2*f + z + 9 - 70, 3*f = 5*z + 59. Let l be 6*(0 + 45/6). Calculate the remainder when f is divided by (l/(-6))/((-3)/4).
8
Suppose -5*u + 27 = m - 0*m, 3*m - 3*u - 9 = 0. Calculate the remainder when (m - 3)*1 - 3 is divided by 1.
0
What is the remainder when 43 is divided by ((-680)/(-12))/(-5)*(-9)/6?
9
Let s(t) be the first derivative of t**3/3 - t**2/2 - 6*t - 2. What is the remainder when s(6) is divided by 7?
3
Suppose 3*o - 62 = -4*w, -o + 24 = -0*o + 3*w. What is the remainder when 70 is divided by o?
16
Suppose -5*m + 2*m + 87 = 0. Calculate the remainder when m is divided by 17.
12
Let s(f) = 10*f - f**3 - f**2 - 5 - 3*f**2 + 14. Let h = 110 + -116. Calculate the remainder when 41 is divided by s(h).
20
Suppose -9 - 59 = -4*d. Calculate the remainder when d is divided by 6.
5
Suppose 25 = 3*i - 167. Let g = 199 + -124. Suppose 5*k = g + 35. What is the remainder when i is divided by k?
20
Let t(r) = -r**2 - 21*r - 40. Let k be t(-17). Let p = 2 - -2. Suppose -s - p*s = 3*v - k, 2*s = v + 9. What is the remainder when 9 is divided by s?
4
Let w be 3/(-3)*(3 + 2). Let v = w + 24. Calculate the remainder when 55 is divided by v.
17
Suppose -2*u + 2 + 14 = 0. What is the remainder when 24 - 6*(-4)/u is divided by 10?
7
Suppose 2*v + 2 - 6 = 0. Let u = 77 + -74. What is the remainder when u is divided by v?
1
Suppose -14 = -0*r - 2*r. What is the remainder when 18 is divided by r?
4
Let r(g) = 8*g - 1. Let o be r(-2). Let n = -11 - o. Calculate the remainder when 17 is divided by n.
5
Let y(l) = l**